- 11. Let h(c) = 9*x(c) + 2*z(c). What is h(6)?
-1
Let s be (-2)/(-2)*(-2 - -13). Let o = 8 - s. Let z(b) = b**3 + 3*b**2 + 3*b + 4. Determine z(o).
-5
Let c(x) be the third derivative of 7*x**4/24 + x**3/6 - 2*x**2. Suppose -3*p = 3*b, b + 8 = 4*b + p. Let r = -5 + b. Determine c(r).
-6
Let o(t) = -t**2 + 4. Let w be (-6)/(-4) - 7/2. Let z(u) = -u**3 - 2*u**2 - 2*u - 1. Let l be z(w). Suppose l*k = k. What is o(k)?
4
Let v = 19 - 11. Suppose -5*f = v - 3. Let x(a) = -4*a + 1. What is x(f)?
5
Let r(y) = -4*y + 3. Suppose -2*t = 4*m - 14, -t + 3 = -0*t - 2*m. Suppose -3*b = a + 16, 2*a + 3*a = -t*b - 30. Let c = a - -4. What is r(c)?
-9
Let f(z) = z**2 + 7*z + 4. Let b(m) = m**3 - m**2. Let x be b(2). Suppose 14 = -x*j - 5*q - 1, 2*q = 2*j + 12. Give f(j).
-6
Let c(h) = -3*h**3 + 4*h**2 - 11*h - 2. Let k(r) = r**3 - r**2 + 4*r + 1. Let u(f) = -3*c(f) - 8*k(f). Calculate u(2).
-8
Let i(m) = m**3 + m**2 - m. Let f be i(-1). Let u(y) = y + 1. Let h(j) = 6*j + 0 + 5 + 4*j + 0*j. Let o(g) = -h(g) + 4*u(g). What is o(f)?
-7
Let r(q) = 1 + 9 + 5 - q**3 + q**2 - 3. What is r(0)?
12
Let l(z) = z**3 - 4*z**2 + 2*z + 2. Suppose -b - 7 = -3*k + 4, 5*k = 4*b + 23. Let r be (4/12 + 2)*3 + -3. Suppose -r*v + 11 = k. What is l(v)?
-2
Let h(n) = -n**2 - 7 - 3 + 3*n**2 - 9*n - 3*n**2. Let w be h(-7). Let p(d) = -d**2 + 6*d - 4. What is p(w)?
4
Let o be (-24 - -28) + (-1 - -5). Let h(u) = u - 10. Give h(o).
-2
Let q(d) be the second derivative of -d**5/20 - 5*d**4/12 - d**3/3 - d**2/2 - 2*d. What is q(-4)?
-9
Let c(i) = i + 1. Let k(y) = 11*y + 4. Let o(l) = -5*c(l) + k(l). Let z be o(-2). Let a = z + 7. Let w(n) = n**2 + 6*n. Determine w(a).
0
Let o(i) = -22*i**2 + 19*i**2 + 0*i + 3*i. What is o(2)?
-6
Let q(f) = f**3. Let v be q(-1). Suppose 15 - 6 = 3*w. Let s(r) = r**3 + 2*r + 6*r**3 - 3*r**w + 1 + r**2. What is s(v)?
-4
Let a(k) = k - 2. Suppose 7*o - 12 = 4*o. Let u be a(o). Let f(m) = m**2. Give f(u).
4
Let c(a) = -4*a**2 - 2*a + 1. Let r be (-27)/(-2) - (-12)/8. Let q = 13 - r. Calculate c(q).
-11
Let d(y) = 2*y**2 - 2*y - 6. Let c be d(5). Suppose 3*k + 18 = 2*w, -5*w = k - 3*k - c. Let h = -6 + w. Let m(a) = -a**3 + a**2 - 8. Give m(h).
-8
Let p(u) = -u**3 + 11*u**2 - 9*u - 8. Let q be p(10). Let o(j) = -q*j - 2*j - 2 - 2*j + 3*j. Calculate o(-2).
4
Let k(t) = -t**2 - 3*t + 6. Suppose -2*r - 3*r - v - 20 = 0, 2*v = -2*r. What is k(r)?
-4
Suppose 4*k + 18 = 7*k. Let f(g) = g - 2. What is f(k)?
4
Let n(l) = -2*l**2 - 19*l + 5. Let i(a) = -a**2 - 10*a + 3. Let x(m) = -11*i(m) + 6*n(m). Calculate x(-4).
-3
Let m be (4/(-6))/(8/(-36)). Suppose -3*z + 3*a = 4 + 8, a - 6 = m*z. Let p(w) = 7*w**2 + w. What is p(z)?
6
Let z = 2 - 10. Let w = z - -12. Let a(i) = 3 - 4 + i - 2 - w. What is a(0)?
-7
Let o(q) = -q**2 - 3*q + 1. Let c be 2/(-2)*0/2. Suppose c = -i + 2 - 3. Let p be (i - 3)*(-3 + 4). Give o(p).
-3
Let f(j) be the third derivative of j**6/120 - j**5/15 - j**3/3 - 7*j**2. Suppose -53 = -5*c + 7. Suppose 3*p = -0*p + c. Give f(p).
-2
Let m = -205 - -205. Let c(v) = -v**3 + 4*v**2 + 2*v - 5. Let g be c(4). Let s(y) = 2*y - y**2 - y + 2*y**2 - g. Determine s(m).
-3
Let p be -2*2 - 1*-2. Let y(t) = 7*t**3 + 8*t**2 - 9*t - 9. Let i(n) = -10*n**3 - 12*n**2 + 13*n + 13. Let a(w) = 5*i(w) + 7*y(w). Give a(p).
-10
Let h(j) = -j**2 - 2*j**2 + 2*j**2 + 5*j + 3. Let w(x) = -x**2 + 10*x + 62. Let a be w(-4). Calculate h(a).
-3
Let x be (-2)/3*(-6)/(-4). Let y = 8 - 8. Let q(s) = y + 4*s + 1 - 2. Calculate q(x).
-5
Let f(t) = 5*t**3 - 2*t**2 + 2*t - 1. Let l(g) = g**3 + 3*g**2 + 1 - 5*g**3 - 5*g + 3*g**3 + 3*g**2. Let x be l(5). Determine f(x).
4
Let v(t) = t**3 - 3*t**2 + 3. Let w be (4/(-5))/((-2)/5). Suppose 6*b - 4*b = -3*j + 5, 5*b + w*j - 18 = 0. Suppose -2*r + b*r = 6. Determine v(r).
3
Suppose 2*l - 8 = -2*l + 4*z, -1 = l - 2*z. Let u be (l + -2)/(3/5). Let o(a) = -3*a - a**3 + 143*a**2 - 6 + 2*a - 138*a**2. What is o(u)?
-11
Let n(c) = 7*c**2 + 7 - c**2 - 8 - c**2. Let g(o) = -o - 8. Let v be g(-6). Let t be 4/(-2)*1/v. Determine n(t).
4
Let t(h) = -h + 8 + 50*h**2 - 24*h**2 - 27*h**2 - 6*h. What is t(-8)?
0
Let z(c) = -c**3 + 2*c**2 + 3*c - 2. Let u be (-18)/(-3)*(-3)/(-6). Determine z(u).
-2
Let k(i) = -i**2 + 2*i - 1. Let f be (5 - 3 - 10) + 2. Let q = 9 + f. Calculate k(q).
-4
Let b(f) be the second derivative of f**4/12 + 2*f**3/3 + 2*f**2 - 23*f. Calculate b(-3).
1
Let u(k) = k**3 - k + 2. Suppose 0 = 5*z + 2*z + 14. Determine u(z).
-4
Let a(r) = -4*r**2 + 11*r - 5. Let f(p) = 5*p**2 - 12*p + 5. Let v(c) = -4*a(c) - 3*f(c). What is v(6)?
-7
Let o(l) = -2*l - 10. Let t(d) = 3*d + 12. Let y(g) = 4*o(g) + 3*t(g). Calculate y(7).
3
Let d(n) = n - 4. Let f(j) = -8*j**2 + j + 1. Let o be f(1). What is d(o)?
-10
Suppose 4*l - 4*j + 21 = 9, 0 = -3*l - 5*j + 7. Let a(t) = 2*t**2 - 2 + t**3 + 2*t**3 + 1. Calculate a(l).
-2
Let r(w) = 8*w - w**3 + 5 - 3*w - 8 + 2*w**2. Let h(q) = -q - 1. Let n(k) = -h(k) + r(k). What is n(4)?
-10
Suppose 4*q = q + 15. Suppose 4*x + 12 = -f, -q*f + 4*x - 16 = 2*x. Let u(k) = -k**2 - 4*k + 1. Give u(f).
1
Let s(d) = -4*d + 37. Let k be s(11). Let y(v) = -v - 17. What is y(k)?
-10
Let g(d) = 2*d**2 + 3*d. Let b(r) = 2*r**3 + 18*r**2 - 4. Let s be b(-9). What is g(s)?
20
Let c(w) = -w - 6 + 13 + 5*w**2 + w**3 + 3*w - 4*w. What is c(-6)?
-17
Let p(d) = -6*d**2. Let l(v) = -v**2 - 7*v - 2. Let w be l(-6). Let b = -4 + w. Let j be (0 + 1)/(b + 1). Give p(j).
-6
Let o(y) be the first derivative of y**4/4 + 5*y**3/3 - 3*y**2 - 8*y + 15. Determine o(-6).
-8
Let v(z) = z**3 + 6*z**2 - 7. Suppose -b = 3*b. Suppose o - 3*o + 60 = b. Suppose -r = 4*j + 18, 3*r + r = -2*j - o. Calculate v(r).
-7
Let k(d) be the first derivative of -2*d**2 - 1 - 4/3*d**3 + 2*d + 1/4*d**4. Determine k(5).
7
Let w(h) = -h**3 + 6*h**2 + h - 6. Suppose -d - 39 = -6*d + 3*x, 5*d - 2*x - 36 = 0. Determine w(d).
0
Let c(g) = 2*g**3 + 4*g**2 - g - 1. Let z be c(-3). Let p = z + 22. Let h(b) = -2*b**3 + 3*b**3 + p - b + 2*b + b**2. Give h(0).
6
Let z(c) be the third derivative of c**5/60 - c**4/24 + c**3/2 + 44*c**2. Give z(-3).
15
Let u(t) = 2*t - 9. Suppose 4*x = -4*p + 24, 0*p + x = 4*p - 24. Let h be u(p). Let s(c) = -c**3 + 4*c**2 - 3. Calculate s(h).
6
Let n(y) be the third derivative of 1/8*y**4 + 0*y - 1/3*y**3 - y**2 + 0. Give n(3).
7
Let v = -13 - -14. Suppose -13 = 2*a + 4*c - v, 0 = -2*a - 3*c - 10. Let t(s) = -s**3 - 2*s**2 + s + 1. Determine t(a).
-1
Let i = 0 + -4. Let w(c) = 10*c - 7. Let f(m) = 3*m - 2. Let y(u) = 7*f(u) - 2*w(u). Determine y(i).
-4
Let i(u) = 5 + u - 3 + 5 - 4. Let m be -1 + 2 + -13 + 7. What is i(m)?
-2
Let j(i) = i**3 - 5*i**2 + 2*i + 2. Let g = -41 + 45. Calculate j(g).
-6
Let n(y) = -y**3 - 10*y**2 + y + 9. Suppose -l - 30 = 2*l. Let k be n(l). Let x(f) = 14*f + 1. Determine x(k).
-13
Let j(s) = s**3 + 6*s**2 + 2*s + 9. Suppose 2 = 6*a + 38. Give j(a).
-3
Let k be (-84)/4*(-2)/6. Let c(a) = -2 + 4*a - 3*a - k*a + 4*a. Calculate c(3).
-8
Let t(z) = 3*z**2 + z. Let h = -29 - -17. Let n = -13 - h. Calculate t(n).
2
Let a(c) = -c**2 + 4*c - 2. Suppose -3*s + 12 = -v, 0 = s - 10*v + 5*v - 18. Let r(j) = -j + 6. Let m be r(s). What is a(m)?
1
Let i(w) = 62*w - 18 - 63*w + 11. Give i(-7).
0
Suppose -6*v = -5*v. Let b be -3 + 6 + v + -2. Let g(c) = 8*c**3 - c**2 + c - 1. Calculate g(b).
7
Let z(n) = -n**2 - 4*n + 2. Suppose 4*w + 5*p + 0*p = 2, -w = 2*p - 2. Let t be -3*-10*w/12. Calculate z(t).
-3
Let g(f) be the third derivative of 0*f - 1/3*f**3 + 0 - 2*f**2 - 1/24*f**4. What is g(-5)?
3
Let t(w) = -14 + 9*w + 10*w**2 + 20 - w**3 + 6. Calculate t(11).
-10
Let y(z) = z**2 - 4*z + 1. Suppose i + 3*i = 3*x - 34, 2*x + 5*i = -8. What is y(x)?
13
Suppose 4*l - 18 + 6 = 0. Let w(i) be the second derivative of 1/2*i**l - i**2 - i - 1/6*i**4 + 0. Determine w(2).
-4
Let x(t) = 6*t + 9. Let n(i) = 7*i + 10. Let r(u) = -5*n(u) + 6*x(u). Determine r(0).
4
Let t(l) be the first derivative of l**4/4 + 4*l**3/3 - 5*l**2/2 - 7*l + 78. Let o(m) = m**3 + 6*m**2 + 2*m + 7. Let p be o(-6). Give t(p).
-7
Let d(w) = -4*w - 3. Let u(l) = -6*l - 5. Let v(g) = -18*g - 15. Let s(k) = -8*u(k) + 3*v(k). Let o(x) = 8*d(x) - 5*s(x). Give o(-1).
3
Let h(c) = -c**3 - 8*c**2 - 3*c - 8. Let k(m) = -m**3 - 9*m**2 - 4*m - 9. Let x(w) = -4*h(w) + 3*k(w). Let j be (2 + 